(-1).
6
Let u(y) be the first derivative of y**3/3 - y**2 - 2*y + 38. Determine u(-2).
6
Let f(t) = -t**2 + 4*t. Suppose -5*x = 4*m - 3*x - 14, -3*m + 5*x + 43 = 0. Calculate f(m).
-12
Let y(w) = w + 3. Let j be y(-3). Suppose -5*g + 5*r - 20 = j, -3*g - 20 = -5*r - 0. Let a(b) = b**2 + b + 13. What is a(g)?
13
Let c be (-20)/16*4*1. Let l(d) = -d**3 - 4*d**2 + 6*d - 3. Determine l(c).
-8
Suppose 0 = 3*v - v - 12. Suppose -2*c - v = -3*c. Let l be (0/(c/2))/2. Let g(d) = -d**2 - d. What is g(l)?
0
Let k(z) = 7*z**2 + z**2 + 11 + 23*z + 12*z**2. Let n(a) = -2*a**2 + 4*a**2 + 8*a + 5*a**2 + 4. Let l(m) = -6*k(m) + 17*n(m). Determine l(-3).
-1
Suppose 4*b - t - t - 18 = 0, 2*t = -b + 2. Let n(f) = -6*f + 3. Determine n(b).
-21
Let o(x) be the first derivative of -x**2/2 - 2*x - 2. Suppose 0 + 6 = -2*g. Give o(g).
1
Let r(g) = -g**2 + 4. Suppose 34 = 3*i + i - 2*n, 0 = 4*i + n - 25. Suppose 0 = 5*a - 4*f + 40, -2*a = 5*f - 17. Let s = i + a. What is r(s)?
-5
Let h = -8 - -4. Let p be 4/6*(-30)/h. Let m(d) be the third derivative of d**5/60 - d**4/4 - d**3/6 + d**2. Give m(p).
-6
Let t be (4/14)/((-288)/(-42)). Let b(a) be the third derivative of -t*a**4 + 0 + a**2 + 2/3*a**3 + 0*a + 1/20*a**5 + 1/120*a**6. Determine b(-3).
7
Let t(r) = -r**3 + 3*r**2 + 5*r + 2. Let l(x) = -3*x**3 + 9*x**2 + 14*x + 6. Let g(u) = 6*l(u) - 17*t(u). Calculate g(3).
-1
Let s(j) = -3 + 3*j + j - 6*j - j**2. Let q be 6*(-1 + 9/6). Suppose -5*k - g - 35 = 4*g, 4*k + 24 = -q*g. Calculate s(k).
-6
Let p be (-2 - -1)/(2/(-10)). Let z(w) = -2*w**3 - w**2 - 5 - 4*w - 3*w + 3*w**3 + p*w**2. Suppose -3*g - 6 = 9. Give z(g).
5
Suppose 5*l = -i + 11 + 3, 2*i = 2*l - 8. Let d(y) = y**3 - 3*y**2 - 3. Determine d(l).
-3
Let f(b) = -4*b + 32. Let t be f(10). Let u(k) = 2*k + 12. Calculate u(t).
-4
Let j(z) = z**3 - 3*z**2 + z - 4. Let t be (-23 - 1)*(-1)/(-2). Let b be (3/2)/(t/(-128)). Suppose -4*v = -0*v + k - b, k = 5*v - 11. Determine j(v).
-1
Let s(j) = -2*j + 9. Suppose -9 = 2*c - 23. Calculate s(c).
-5
Let c be 4/(8/(1 - 5)). Suppose -z = z - 4. Let p(q) = 0*q - q**z + 3 - 3*q - 6. Give p(c).
-1
Let p(v) = 3*v + v**2 + 3*v**2 - 5*v - 2*v + v**3. Give p(-5).
-5
Let j(m) = -7*m + 30. Let s be j(5). Let f(t) = t**3 + 4*t**2 - 4*t + 2. Give f(s).
-3
Let h(y) be the first derivative of -y - 1 + 3/2*y**2. What is h(3)?
8
Let i = -21 + 28. Let b(w) = 2*w - 6. Calculate b(i).
8
Let d(t) = t + 6. Let k(y) = -2*y + 10. Let l = 16 - 8. Let b be k(l). Give d(b).
0
Let s(h) = -2*h. Let m(g) = -g**2 - 2*g - 2. Let c be m(-2). Let u be (-2)/4 - c/(-4). Give s(u).
2
Let k(x) = x**3 + 4*x**2 - x - 4. Let s(d) = -d - 3. Let z be s(-7). Suppose 2*y + 2*y - 32 = 5*u, -u + 8 = z*y. Calculate k(u).
0
Let n(p) be the first derivative of p**4/4 + 2*p**3 + 3*p**2 + p + 9. Calculate n(-5).
-4
Let m(f) = -15*f - 14*f + 4 + 25*f - 3. Give m(2).
-7
Suppose 0 = -0*s + 2*s - 6. Suppose 2*w - 9 = k, 5*k + 21 = s*w + k. Let p(d) = w*d**3 - 4*d**3 + 1 - d**3 - 2*d**2 - 2*d**3. Determine p(-1).
3
Let x(l) = -8*l + 4. Let r(z) = -15*z + 8. Let s(o) = 3*r(o) - 5*x(o). Calculate s(-3).
19
Let u(g) = -3*g + 5. Let s = 3 + -7. Let k be (2/1)/((-2)/s). Give u(k).
-7
Let m(d) be the second derivative of d**4/12 - d**2 + 2*d. Let x(v) be the first derivative of m(v). Determine x(2).
4
Let z = 7 - 4. Suppose -z*u - 7 = -1. Let k(r) be the second derivative of r**5/10 + r**4/12 - r**3/6 + r**2 + r. Calculate k(u).
-8
Let x be (-30)/(-9)*18/10. Let z(y) = y**3 - 6*y**2 - 2. What is z(x)?
-2
Let u(y) = 5*y**2 + 10*y + 2. Let s(o) = -4*o**2 - 9*o - 1. Let j(m) = -6*s(m) - 5*u(m). What is j(4)?
-4
Suppose q - 2 - 1 = 0. Let y(p) = -2*p**3 - q*p**2 + 4*p**3 - p**3 + 1. What is y(3)?
1
Let d(k) = k**2 + 6*k - 7. Suppose 0 = -4*u - 28 - 0. Calculate d(u).
0
Let x(b) = -93*b**2 + 92*b**2 - 1 + 0 + 5*b. Determine x(2).
5
Let u(z) = 7*z**2 - z + 3. Let y(b) be the first derivative of 8*b**3/3 - b**2/2 + 4*b + 2. Let h be (1 + -2)/(1/4). Let q(j) = h*u(j) + 3*y(j). Calculate q(1).
-3
Let g(k) = -9 + 5*k + 6 + 6*k. Give g(2).
19
Let t(y) = -8*y + 6 + 2*y - y**2 + 2*y**2. Suppose 0 = -3*o + o + 10. Calculate t(o).
1
Suppose 4*q - 4*v = 24, 0*q + 24 = 4*q + 3*v. Let w(k) = k**2 - 6. Determine w(q).
30
Let l be (-1 - -3) + (-3 - -4). Suppose l*s - 4*s = -2*t - 5, -s - t = -2. Let r(p) = 0*p**s + 2*p + 6*p**2 + 2*p + 3 + p**3. Determine r(-5).
8
Let p(j) be the second derivative of j**5/20 - 7*j**4/12 + 4*j**3/3 - 7*j**2/2 + 9*j. What is p(6)?
5
Let x(n) = 0*n**3 - n**3 + 7*n**3 + n**2. Let q(d) = d**2 - d - 3. Let u be q(2). Determine x(u).
-5
Suppose 0 = 3*b + 2*b + 10. Let i be b/8 - 36/(-16). Let y be 1 - (-1 - -1 - i). Let j(h) = -h**3 + 2*h**2 + 4*h - 3. Give j(y).
0
Let u(f) = f**3 - 4*f**2 + 14*f + 6. Let x(h) = -h**3 + 5*h**2 - 13*h - 5. Let t(q) = 4*u(q) + 5*x(q). Determine t(8).
-9
Let h(l) = l**2 + 1. Let u(n) = 4*n**2 - 4*n - n**2 + n**3 + 2*n**2 + 9. Suppose s - 4 = d, -3*d - s = 2*s + 24. Let w(x) = d*h(x) + u(x). Calculate w(2).
-1
Suppose -21 = -4*f - f + 2*i, 0 = 5*i + 15. Suppose 16 = 5*t - 0*t - 3*v, -f*t - 3*v = 0. Let z(d) = -6 - d + t*d + 1. Calculate z(3).
-2
Let l = -5 + 7. Let k = l + -2. Suppose 5*h - 4*v - 17 = k, -h + 2 = -2*h - v. Let f(s) = 3*s - 1. Give f(h).
2
Let f(a) = 2*a + 1 + 2 + 3 + a. Let w(h) = -h + 1. Let o be w(5). Let t be f(o). Let c(k) = k**3 + 7*k**2 + 5*k - 8. Determine c(t).
-2
Let u(k) = -18 - 19 + 49 - 11 + 2*k. Let s be 30/(-7) - (-6)/21. Calculate u(s).
-7
Suppose 0*k = -3*z + 2*k - 3, 4 = -4*z - 5*k. Let c = 3 + z. Let n(a) = -a**2 + 0*a - 2 + 2*a + c*a. Calculate n(3).
1
Let g(c) be the second derivative of -c**3/2 - 3*c. What is g(-1)?
3
Let q(a) = -7*a**2 - 2 - a**3 + 3 - 4*a + 4 + 0*a**3. Suppose 0 = -2*w - 5*f - 14, -9 = 3*f + 3. Let m be 18/(-4)*4/w. Give q(m).
-7
Suppose -24 + 4 = -5*q - 5*f, -7 = 2*q + 5*f. Let n(k) be the first derivative of 1/2*k**2 - q*k + 3. Calculate n(6).
-3
Let h be -3 + (1 + -1)/2. Let g(d) = -d - 1. Let p be g(h). Let i(x) = 15*x + 4*x**2 + 20*x - 2 + 19*x - 56*x. What is i(p)?
10
Let w(i) = i. Let c(r) = 2*r + 5. Let o(q) = c(q) - w(q). Suppose -5*x = 2*x. What is o(x)?
5
Let v(z) = 4*z - 7. Suppose 2*c + s - 9 = 4*s, -2*c = 2*s - 4. Let u be v(c). Let l(x) = -5*x + 7. Let n(a) = a. Let f(h) = l(h) + 4*n(h). Calculate f(u).
2
Let i(k) = k + k**3 + 5*k - 9*k - 3. What is i(3)?
15
Let r = 14 + -7. Suppose -2*c = -r*c + 10. Let p(l) = -2 + 2*l - c + 0*l. Calculate p(4).
4
Let m(r) be the second derivative of 7*r**4/12 + r**3/6 - r**2/2 - 33*r. Suppose -3*s + 3 = -0. Give m(s).
7
Let u(m) = -m**2 - 8*m - 5. Let r = 16 + -22. Calculate u(r).
7
Let t(x) = 4*x**3 + x**2. Let m be 9 + (3 - 12)/(-3). Suppose h - 1 = -d, 4*h = 4*d - 0*d + m. What is t(d)?
-3
Suppose -2*o = -6, -s - 5*o = -0*s - 18. Let l(j) = -9*j**2 - 7*j + 0*j + s*j**2 + 1 - j**3. Let n be 5*((-2)/(-2) + -2). Determine l(n).
11
Suppose 5*v = -6*y + 2*y + 40, 2*v - 8 = 0. Suppose r + y*b - 2 = 4*r, -2*b = -r - 1. Let t(z) = -z**3 - 2*z**2 + 1. What is t(r)?
-2
Let i(v) be the second derivative of v**7/2520 + 7*v**6/720 + 3*v**5/40 - 5*v**4/12 - 9*v. Let p(x) be the third derivative of i(x). Determine p(-6).
3
Let r(w) = w**2 + 12*w - 32. Let z be r(-14). Let t(m) be the second derivative of m**4/12 + 2*m**3/3 + m. Give t(z).
0
Let j(v) = 8*v**2 + v. Let m(x) = -6*x + 2*x**3 - 2 + 4*x**2 + x**3 - 2*x**3. Let o be m(-5). Suppose -o*t - a = -0*a, 6 = 3*t + 3*a. Give j(t).
7
Let j(r) = 7*r**3 - 3*r**2 - 15*r - 8. Let h(c) = 3*c**3 - 2*c**2 - 7*c - 4. Let k(x) = -5*h(x) + 2*j(x). What is k(5)?
4
Let c(y) be the first derivative of y**2/2 + 11*y + 25. Determine c(-5).
6
Let o be 2*3/(-12)*2. Let g be (-3 - -6) + o + 1. Let u(q) = 9*q**2 + q - 11*q**2 - g*q + 2. What is u(-2)?
-2
Let c(q) = -q**3 + q**2 + 3*q + 2. Let s(w) = -w + 1. Let m(g) = -5*g + 17. Let v(k) = m(k) - 6*s(k). Let o be v(-8). What is c(o)?
-7
Let q(v) = 4*v - 18. Let n be q(6). Let u(y) = 7*y - 6. Let l(h) = -10*h + 9. Let a(z) = 5*l(z) + 7*u(z). Calculate a(n).
-3
Let p(f) = -2 + 0*f + 3*f + 0 + 0. Let k be p(2). Let j(c) = c - 9. Determine j(k).
-5
Let u(v) = 5*v**2 + 4*v + 5. Let q(o) = 6*o**2 + 4*o + 6. Let n be 2 + (7 - -2) - 0. Let g = n + -6. Let z(j) = g*u(j) - 4*q(j). Determine z(-4).
1
Let a(v) = -6*v - 3. Let p be